 + 39 = 4*h. Let m(o) be the second derivative of -o**5/20 + 2*o**3/3 + 3*o**2/2 + o. What is the remainder when h is divided by m(-2)?
1
Let k(d) = 2*d**2 - 3*d + 2. Let w be k(2). Suppose 0*b - 4*q = -4*b + w, 3*q + 3 = b. Suppose -4*p - p + 35 = b. What is the remainder when 13 is divided by p?
6
Let b = -36 + 52. Calculate the remainder when b is divided by 9.
7
Let b(r) = r**2 - r - 3. Calculate the remainder when b(3) is divided by 2.
1
Calculate the remainder when 21 is divided by (-2)/6 - (-240)/72.
0
Suppose -5*k + 130 = 5*w, -2*k - 3*k = 2*w - 67. Calculate the remainder when (-122)/4*2*-1 is divided by w.
19
Let u(z) = z**2 - 5*z - 3. Let x be u(7). Suppose 4*l = x + 5. Calculate the remainder when l is divided by 2/4 - (-3)/2.
0
Let u be (1 - 2/1)*-29. Let w = u - 17. Suppose -y = 2*y - w, 3*t - 5*y + 5 = 0. Calculate the remainder when 9 is divided by t.
4
Let d(p) = -39*p**3 - p**2. Let r be d(-1). Suppose 4*m - r = -14. Calculate the remainder when 21 is divided by m.
3
What is the remainder when 32 is divided by 17*-4*((-6)/2)/12?
15
Suppose 3*w + 4 = 154. Suppose 6*v = 4*v + w. Calculate the remainder when v is divided by 13.
12
Suppose 3*a = -2*a - 110. Let i = a + 50. Suppose 3*p + i = 4*p. What is the remainder when p is divided by 10?
8
Let j = 205 + -109. What is the remainder when j is divided by 33?
30
Suppose -4*h + 5 = -3. Suppose 3*c = 2*j + 63 - 19, h*c - j = 31. Suppose -7*s + 2*s + 175 = 0. Calculate the remainder when s is divided by c.
17
Suppose -z = 5*g + 1 - 0, 3*g - 5 = 5*z. Let c be g + 42/(-1 - -3). Suppose 165 = 4*o + c. Calculate the remainder when o is divided by 19.
17
What is the remainder when (72/10)/((-4)/(-60)) is divided by 38?
32
Suppose -3*f - w + 13 = 0, 5*f - 3 = 5*w - 8. Suppose -x + f = -2. What is the remainder when 14 is divided by x?
4
Suppose -3*f - 5 + 17 = 0, 2*l + 2*f = 50. Calculate the remainder when 60 is divided by l.
18
Suppose 1 = -3*i + 7. Let c = -3 + 13. What is the remainder when (3/9)/(i/114) is divided by c?
9
Suppose -140 = -a - a. Suppose -2*i = -7*i + a. What is the remainder when i is divided by 5?
4
What is the remainder when 101 is divided by (-241)/(-9) - 20/(-90)?
20
Suppose 0 = -8*b + 13*b - 85. Calculate the remainder when b is divided by 7.
3
Let f(q) = 4*q**3 + q**2 - q + 1. Calculate the remainder when 14 is divided by f(1).
4
Suppose 2*c + 20 = r, -7*c + 30 = 5*r - 3*c. Calculate the remainder when 38 is divided by r.
8
Suppose 3*q - 52 + 4 = 0. Let t(b) = -b**2 + 7*b + 9. What is the remainder when q is divided by t(7)?
7
Let i be 42/7 + (2 - 1). Suppose -2*b + 8 = 5*r, -5*b + 27 = 3*r + i. What is the remainder when 10 - 5/20*0 is divided by b?
2
Let i be -1 + 1 + 4/2. Suppose -w - z = -16 - i, 4*z + 18 = 2*w. What is the remainder when 42 is divided by w?
12
Suppose 2*o + 2 = 3*o. Suppose 2*d - k - 168 + 1 = 0, 3*k + 173 = o*d. Calculate the remainder when d is divided by 28.
26
Let q(m) = 3*m - 4. Suppose -3*a + 4*t = -3, 3*t + 15 = 4*a + 4. Calculate the remainder when 41 is divided by q(a).
8
Calculate the remainder when 7*(5 - (-4 + 4)) is divided by 13.
9
Let t = 14 - 8. Suppose -2*g + 42 = t. What is the remainder when (-96)/g*30/(-4) is divided by 14?
12
Let s = 5 + 3. What is the remainder when 14 is divided by s?
6
Let h(o) = -3*o**2 + 37*o - 23. What is the remainder when 62 is divided by h(11)?
20
Let m(a) = a**3 - 6*a**2 + 6*a - 5. Let k be m(5). Let t be 4/(-2) + 136/4. Suppose -w + k*w = -t. What is the remainder when w is divided by 17?
15
Suppose 0*j = -4*j + 152. Calculate the remainder when j is divided by 14.
10
Suppose -2*l = -11*l + 405. Calculate the remainder when l is divided by 13.
6
Suppose 40 = 4*p - 48. Let v(i) = i**2 + 4*i. Let y be 4/10 + (-64)/10. What is the remainder when p is divided by v(y)?
10
Let n be ((-6)/(-9))/(1/3). Let h be (n - 1)/1 + 4. Suppose u - h*w + 2 - 15 = 0, 2*u - 4*w - 26 = 0. What is the remainder when 25 is divided by u?
12
Suppose j + 3*j = 12. What is the remainder when j is divided by 3?
0
Suppose -2*q = -3*t + 2*q + 55, 0 = 5*t + 4*q - 81. Let v = t + -14. What is the remainder when v is divided by 1?
0
Let b(f) = -3*f - 3. What is the remainder when 9 is divided by b(-3)?
3
Suppose 0 = -g + 2 + 6. Calculate the remainder when g is divided by 5.
3
Let c(o) be the second derivative of -o**5/4 - o**4/6 - o**3/6 + 3*o. What is the remainder when 13 is divided by c(-1)?
1
Let b = -3 - 4. Let m be (-6)/9 + 26/(-6). Let s = m - b. Calculate the remainder when 3 is divided by s.
1
Let d(o) = -6*o**2 + o. Let s(z) = 5*z**2. Let p(j) = 3*d(j) + 4*s(j). Calculate the remainder when p(3) is divided by 14.
13
Suppose -183 = -3*o + 3*z, -o + 5*z = -3*o + 101. Let b(k) = k**2 - 4. Let g be b(-3). Suppose -g*a = -56 - 44. Calculate the remainder when o is divided by a.
18
Let n = -57 + 79. Calculate the remainder when 65 is divided by n.
21
Suppose -84 = 2*z - 8*z. What is the remainder when 96 is divided by z?
12
Let g be (-160)/(-6) + 14/(-21). Let i = -18 + g. What is the remainder when 15 is divided by i?
7
Let q(j) = 4 - 3 - 3*j - 2 + 2*j. Calculate the remainder when (-184)/(-7) - (-2)/(-7) is divided by q(-10).
8
Suppose -2*r + 1 = -5*x - 2, -r - 4*x = -8. Suppose -h - 171 = -r*h. Suppose -5*j + h = 17. What is the remainder when 15 is divided by j?
7
Let j = -33 - -54. What is the remainder when j is divided by 11?
10
Suppose -j + 3*k = -416, j - k = 3*k + 419. Suppose -62 = 3*h - j. Suppose 0*d - 5*d = -h. Calculate the remainder when d is divided by 12.
11
Calculate the remainder when 34 is divided by 2/(-7) - 258/(-21).
10
Let r(a) = -27*a**3 - 2*a**2 + a + 2. Let j be r(-2). Suppose -4*l - 8 = -j. What is the remainder when l is divided by 4/(-8) - 35/(-2)?
16
Suppose 5*t = 39 - 4. Suppose -4*h = -3*u - t*h + 27, h - 45 = -5*u. Calculate the remainder when 38 is divided by 30/(-8)*(-48)/u.
18
Let q be 1/(-1) - -14*1. Let a(d) = d**3 - 3*d**2 + d - 1. Let l be a(3). Calculate the remainder when 1 - l*q/(-2) is divided by 8.
6
Let d = 17 + 9. Let a = 54 - d. Suppose 26 = 3*h - a. Calculate the remainder when 53 is divided by h.
17
Let m(y) = -y**2 + 10*y - 4. Suppose 0 = -3*q + 9 + 12. Calculate the remainder when 32 is divided by m(q).
15
Let w(x) = -x**2 + 2. Let f be w(0). What is the remainder when 43 is divided by (-585)/(-26)*f/3?
13
Suppose 3*l - 2*l = 3. Suppose -l*v + 3 = -3. What is the remainder when v is divided by 2?
0
Let y(q) = 18*q - 3. Calculate the remainder when y(2) is divided by (9/(8 - 5))/((-1)/(-6)).
15
Let m(p) = p + 5. Let u be m(-6). Let t(l) = -l + 1. Let k be t(u). Suppose -q - d = -14, -4*q + 42 = -k*d - d. Calculate the remainder when 23 is divided by q.
11
Let g = 14 + -16. Let s = 7 + g. Suppose -4*u + 0*u = 2*c - 42, 3*u + c - 33 = 0. Calculate the remainder when u is divided by s.
2
Suppose -3*x = -8*x + 75. What is the remainder when x is divided by 9?
6
Let r be (10/3)/((-10)/(-30)). Suppose -8 = -2*p - 3*u, -4*p + 27 = p + 4*u. Calculate the remainder when ((-96)/20)/((-4)/r) is divided by p.
5
Let b(r) be the first derivative of -r**2 - 4*r + 2. Suppose -92 - 13 = -3*s. What is the remainder when s is divided by b(-8)?
11
Suppose -4*j = -7*j - 3*g + 48, -j + 22 = -5*g. Calculate the remainder when 67 is divided by j.
16
Let u = 97 + -67. Suppose 27 - 127 = -2*a + 4*f, -u = -a - 3*f. Suppose 5*j + 17 = a. What is the remainder when 14 is divided by j?
4
Suppose 0 = -y, 3*v + 4*y - 2*y = -9. Let j = 6 + v. Suppose 0 = -5*l + 4*t + 61, -t = -j*l + 17 + 14. What is the remainder when 17 is divided by l?
8
Suppose 0 = 4*j - 0*j - 68. Calculate the remainder when 100 is divided by j.
15
Let l = 213 - 95. Suppose -7*a = 1 - 15. Suppose l = 4*f + 3*o, 0*f - a*o - 52 = -2*f. Calculate the remainder when f is divided by 15.
13
Let r(u) = u**3 - 3*u**2 - 6*u + 2. Calculate the remainder when 87 is divided by r(5).
21
Suppose 2*d + 41 = 207. What is the remainder when d is divided by 14?
13
Let h(g) = 34*g**3 + g. Let u(v) = v**3 + 8*v**2 - 8*v + 10. Let b be u(-9). Suppose -5*x + 101 = 11. What is the remainder when h(b) is divided by x?
17
Suppose i + 13 = 2*d, -2*d - 3*d - 2*i + 28 = 0. Suppose -s + 63 = d. Calculate the remainder when s is divided by 15.
12
Suppose 